n). Let x = 17 + -12. Suppose -12 = -3*q + x*q. Calculate y(q).
7
Suppose -3*f + 5*s + 16 = 0, f - 2*s - 4 = -f. Let v(r) = -4*r + 4*r**2 - 5*r**2 + r**3 - 2 + 0 + 3*r**2. Calculate v(f).
1
Suppose 2*o + 1 = 6*o - s, 4*o - 2*s = 2. Let t(g) = -g**3 + g**2 - g + 5. What is t(o)?
5
Let r(q) = -4*q + 3. Suppose a = 5*a - 8. What is r(a)?
-5
Let m(u) = 3*u**2 - u - 1. Let t be m(-1). Suppose 1 + 2 = t*x. Let g(c) = -2*c - 1. Determine g(x).
-3
Let b be (-40)/(-15) - 1/(-3). Let t = -6 + b. Let z(d) = d**2 + d + 1. Let a(x) = -x**3 - 6*x**2 - 5*x - 7. Let n(y) = -a(y) - 3*z(y). What is n(t)?
-2
Let t(y) = 2*y + 5. Let g be t(-6). Let u(o) = -o**2 - 6*o + 5. Let v be u(g). Let i be (-14)/(-4) + 1/v. Let z(m) = m**2 - 2*m + 1. What is z(i)?
4
Let p(u) = 158 + 12*u - 3*u - 79 - 80. Determine p(-1).
-10
Let j be (-1 - 5)*1/2. Let d(s) be the third derivative of s**4/12 + 2*s**3/3 - 2*s**2. Give d(j).
-2
Suppose 5*c = -3*v + 20, c - 4*v + 22 = 3*c. Let w be 3/(-1*1/c). Let n(k) = k**3 + 2*k**2 - k + 1. Give n(w).
-5
Let l(t) = -18*t. Let k(d) = 2*d. Let f(g) = 6*k(g) + l(g). What is f(1)?
-6
Let z(n) = -n - 1. Let k(f) = -2*f**3 + 3*f**2 + 9*f + 4. Let a(l) = -k(l) - 6*z(l). Calculate a(3).
20
Let y(f) = -f**3 + 23*f**2 - 24*f + 49. Let i be y(22). Let m(s) = s**2 - 3*s + 3. Determine m(i).
13
Let a(j) = 6*j**2 + 4*j - 2 - 4*j + 5*j - 5*j**2. Suppose 5*m + 4 = 19. Suppose -2*f - m = h + 2*h, -5*f - 33 = -h. Calculate a(f).
4
Suppose -2*n = 5*w - 1, 2*n - 5*w = -3*n - 50. Let b = -4 - n. Let g(f) = 5*f - f**b - 1 - f**2 + 3 + 0. Give g(-3).
5
Let m(c) be the third derivative of c**5/6 - c**4/24 - 15*c**2. Suppose k = -5*a - 2*k + 20, -5*a + 2*k = 5. Determine m(a).
9
Suppose -3*o - 6 = -6*o. Let j(l) = o*l + 0*l - 3*l + 3. Give j(3).
0
Let q(h) be the first derivative of 1/3*h**3 + 0*h - 1 + 5/2*h**2. What is q(-3)?
-6
Let g(j) = 2*j - 1. Let k = 3 - -1. Let q(v) = v**2 - 4*v + 6. Let s be q(k). Suppose 4*r = s*r + y - 8, 2*r = -4*y + 8. Calculate g(r).
7
Let h = -128 - -126. Let d(b) = -b**2 - 2*b - 2. Give d(h).
-2
Let i(a) = 6 + 188*a**2 - a**3 - 188*a**2. What is i(0)?
6
Let l(r) = -4*r**2 - 6*r + 3. Let j(a) = -a**2 + 1. Let y(f) = 5*j(f) - l(f). Calculate y(5).
7
Let y be (-200)/56 + (-6)/14. Let n(s) be the third derivative of s**6/120 + s**5/12 + s**4/24 - s**3/2 - 2*s**2. Calculate n(y).
9
Let l = -7 + 10. Let y(j) = j + 1. Let c(w) = -9*w - 8. Let v(p) = 2*p**2 + 4*p - 6. Let s be v(-5). Let o(u) = s*y(u) + 3*c(u). Determine o(l).
-9
Let r(m) = -11*m**3 - 20*m**2 - 11*m - 2. Let u(h) = 4*h**3 + 7*h**2 + 4*h + 1. Let o(x) = -3*r(x) - 8*u(x). What is o(-4)?
-6
Let z = 73 + -83. Let i(b) = b**3 + 9*b**2 - 11*b. Calculate i(z).
10
Let f(v) be the first derivative of -v**7/840 - v**6/360 + v**4/24 + v**3/3 + 2. Let y(a) be the third derivative of f(a). What is y(-1)?
1
Let v = 12 + -8. Suppose v = -o - 1. Let w(f) = 4 + 8*f - 29*f**2 - f - f**3 + 25*f**2. Give w(o).
-6
Let h be 0/((-1)/(-1)) + 1. Let p be (2 + -1 - 4) + h. Let r(z) be the second derivative of -z**3/3 + 5*z - 3. Determine r(p).
4
Let t(s) = s**2 - s**2 - 4*s**2 + s**2. Calculate t(1).
-3
Let k(a) = 4*a + 0*a**2 - a**2 + 0 + a - 3. What is k(3)?
3
Let m(s) = s + 1. Let w be m(4). Suppose 20 = -o + w*d, -3*o + 0*d - 2*d + 25 = 0. Let g(b) = -b**2 + 6*b - 3. Calculate g(o).
2
Let m be (4 + (-21)/6)*6. Suppose 0 = -0*c - m*c. Let z(o) be the second derivative of -o**5/20 - o**4/12 + o**3/6 - 9*o**2/2 + o. Determine z(c).
-9
Suppose 0 = -2*r - 1 + 15. Let n = r + -5. Let c(t) = -2*t**2 + 3*t - 1. Calculate c(n).
-3
Suppose 0 = 5*x + 7 - 2. Let j be -3 + (-3)/(9/(-12)). Let a(k) = 0*k + 6*k + k + 0*k - j. What is a(x)?
-8
Let r(a) = -a**2 - 5*a - 5. Suppose 4*t = 4*i + 12, 5*t - 3*i = -4*i + 21. Let j = t - 9. Give r(j).
-5
Let n(r) = -r**2 - 6*r - 1. Let h(g) = g**3 + 3*g**2 + 4*g. Let w be h(-3). Let v(j) = j + 7. Let l be v(w). Determine n(l).
4
Suppose -4*f = -0*f. Let a(t) = -t**2 + 1. Determine a(f).
1
Suppose 0 = -t + 5*u + 19, -u = -2*t - 2*t. Let g(y) = -8*y - 1. Determine g(t).
7
Let p(j) = -j**3 - 4*j**2 - 2*j. Suppose 20 = -8*u - 4. Determine p(u).
-3
Let w be 2/4 - 39/(-6). Let v(n) = w - 3*n + 4*n - 5. Let z = 3 + 2. What is v(z)?
7
Let y = 9 - 4. Let w = 9 - y. Suppose -l + k - w = 0, -2*k = -l - 3*k - 4. Let z(h) = -h**2 - 3*h + 5. Calculate z(l).
1
Let c(q) = 3*q + 2. Let o(k) = k**3 + 5*k**2 + 6*k + 1. Let s be o(-4). Let h = -5 - s. Let z be (-5)/h*24/30. What is c(z)?
-4
Suppose 0 = -87*r + 86*r - 6. Let t(x) = x - 1. Determine t(r).
-7
Let y(f) = 7*f**2 - 2*f + 2. Let u(o) = -155*o**2 + 45*o - 45. Let k(q) = -2*u(q) - 45*y(q). Let a be (-4)/6 + 2/3. Let r = -1 + a. Calculate k(r).
-5
Let t(w) be the third derivative of w**6/120 - w**5/12 - 5*w**4/24 + w**3/3 + w**2 - 4*w. Give t(6).
8
Let s be (0 + 3)/((-6)/4). Let l(u) = 152 - 150 + 3*u + u + 3*u**2. Determine l(s).
6
Let f = -9 - -12. Suppose 2*w - 5*r = -3*w + 35, f*r = 2*w - 16. Let g(q) = q + 1. Calculate g(w).
6
Let g(y) = 3*y - 4*y - 4*y**2 + 5*y**2 - 2. Suppose -39 = -10*i - 9. Give g(i).
4
Let r(s) be the third derivative of 7/24*s**4 + 0*s - 10*s**2 + 0 + 1/6*s**3. Give r(-2).
-13
Let j(a) = 8*a**3 - 4*a**2 - a. Let d(v) = -3*v**2 + 11. Let k(b) = b**2 - 4. Let n(s) = -4*d(s) - 11*k(s). Let y(i) = -j(i) - 4*n(i). Calculate y(-1).
7
Let u(p) = p**2 + 7*p + 4. Let h = 1 - -1. Let s be (h/4)/((-6)/72). Calculate u(s).
-2
Let p(s) = 12*s - 13. Let n(j) = 8*j - 9. Let c(t) = -7*n(t) + 5*p(t). Determine c(2).
6
Let l(f) be the second derivative of 0 - 3*f + f**3 - 1/20*f**5 - 1/3*f**4 + 3*f**2. Give l(-5).
1
Let h be -2 + (-17)/(-3) - (-2)/(-3). Let g(x) = x**3 - 5*x + 4. What is g(h)?
16
Let z be ((-5)/2)/((-3)/(-6)). Suppose -2 = -2*i + 2. Let j(t) = -5*t - t**3 + 4*t**2 - 5*t**2 + 3 - 5*t**i. Give j(z).
3
Let c(r) = r - 9. Let y be c(9). Let f(k) = y*k - 2*k + k + 0*k. Give f(2).
-2
Let u(s) = 0 - 19 + 2*s + 10. Determine u(7).
5
Let a(j) = 7*j**3 + 11*j**2 - 4*j + 8. Let m(g) = -3*g**3 - 5*g**2 + 2*g - 4. Let t(c) = -2*a(c) - 5*m(c). What is t(-3)?
10
Let g(r) = r**3 + 7*r**2 + 7*r + 2. Suppose i + 60 = 2*h - 0*i, -h + 5*i = -30. Suppose 5*n - h = 5*v, -3*v + v - 5*n = 12. What is g(v)?
-4
Suppose 0 = -23*f + 22*f + 3. Let x(t) = -5*t**3 + 5*t**f - t**2 - t**3. Give x(-1).
0
Suppose -10 = -v + 6*v. Let k = v + 13. Suppose 4*z - 2*o = o + k, -4*z + 17 = -o. Let q(p) = -p**3 + 5*p**2 - p + 1. Calculate q(z).
-4
Let s be (3/6)/((-2)/(-20)). Suppose 3*b = s - 2. Let f(o) = o**2 + 1 - 4*o + 0*o**2 + b. Determine f(4).
2
Suppose 2*w - 20 = w. Suppose -w = -6*v + v. Let c(i) = -6*i + 4 + v*i - 6 + 1. Calculate c(-1).
1
Let b be -2 - -4 - -2*1. Let r be (-2)/(-3)*(b - 1). Let c(m) = -m**3 + 3*m**2 - 2*m + 3. Determine c(r).
3
Let g(c) = -6*c**3 - c**2 + 1. Let s be g(-1). Let x(d) = -2*d**2 - 3 - d + s - 3 - 11*d**3. Calculate x(-1).
10
Let i = -98 + 105. Let o(a) = -3*a + 10. What is o(i)?
-11
Let l be (-6)/(-3) + 0 + 0. Let i(z) = z**2 + 2*z**2 + z**3 - 2*z**l - z. Calculate i(0).
0
Suppose 5*p - 2 = 3. Let l be 4*1*p/(-1). Let r be (-11)/l + (-3)/4. Let h(x) = x**3 - x**2 - x + 2. Calculate h(r).
4
Let l(z) = -z**3 - z**2 - z - 1. Let t(g) = -4*g**3 + 3*g**2 + 4*g - 5. Let r(m) = -3*l(m) + t(m). Give r(7).
-2
Let h(q) be the first derivative of -1/2*q**2 + 5/3*q**3 + 4 - 1/4*q**4 + 4*q. Give h(5).
-1
Let a(m) be the second derivative of -m**3/2 + 19*m. Determine a(3).
-9
Let y(c) = c**3 - 5*c**2 + 2*c - 4. Let i(b) = 0*b - 2*b - 6 + 3*b. Let p = -61 - -72. Let w be i(p). Give y(w).
6
Let m(p) = -3 + 2*p - 6*p + 3. Let h(u) = -3*u + 1. Let v(c) = -5*h(c) + 4*m(c). Determine v(-4).
-1
Suppose 5*g + 2 + 10 = 3*l, 5*g = l - 4. Let w(j) = -j + 3. What is w(g)?
3
Let k(h) = 3*h**2 - 10*h + 8. Let i(a) = -8*a**2 + 30*a - 23. Let t(l) = -4*i(l) - 11*k(l). What is t(-9)?
13
Let r = 1 + 2. Suppose -r = -2*m + 1. Let p(l) = -2*l - 4*l - l**3 + 3*l**2 + 2*l + 2. Give p(m).
-2
Suppose -j + 3*r + 7 - 2 = 0, 4*j = -r - 6. Let v(h) = h - 1. Let y(z) = 0 + 2 - 5*z - 2*z**2 - 5*z**2. Let c(d) = 3*v(d) + y(d). Determine c(j).
-6
Suppose -3*o + 7 = -4*h + 1, 5*h + 2 = o. Let g be ((-10)/(-6) - 1)*3. Let d(p) = 3*p - 6*p**g + 3*p**2 - p. Give d(o).
-8
Suppose -4*u + 4*j = -7*u, -j - 7 = -u. Suppose -2*d = -u*d - 24. Let z = d - -8.